{"id":94,"date":"2020-05-04T23:59:06","date_gmt":"2020-05-04T21:59:06","guid":{"rendered":"http:\/\/espacebeautelasarraz.ch\/?page_id=94"},"modified":"2020-05-05T00:52:35","modified_gmt":"2020-05-04T22:52:35","slug":"contact","status":"publish","type":"page","link":"https:\/\/espacebeautelasarraz.ch\/?page_id=94","title":{"rendered":"Contact"},"content":{"rendered":"\n<div class=\"wp-block-media-text alignwide is-stacked-on-mobile is-vertically-aligned-top is-image-fill\" style=\"grid-template-columns:37% auto\"><figure class=\"wp-block-media-text__media\" style=\"background-image:url(http:\/\/espacebeautelasarraz.ch\/wp-content\/uploads\/2020\/05\/chene-28-768x1024.jpg);background-position:50% 50%\"><img loading=\"lazy\" decoding=\"async\" width=\"768\" height=\"1024\" src=\"http:\/\/espacebeautelasarraz.ch\/wp-content\/uploads\/2020\/05\/chene-28-768x1024.jpg\" alt=\"\" class=\"wp-image-115\" srcset=\"https:\/\/espacebeautelasarraz.ch\/wp-content\/uploads\/2020\/05\/chene-28-768x1024.jpg 768w, https:\/\/espacebeautelasarraz.ch\/wp-content\/uploads\/2020\/05\/chene-28-225x300.jpg 225w, https:\/\/espacebeautelasarraz.ch\/wp-content\/uploads\/2020\/05\/chene-28-1152x1536.jpg 1152w, https:\/\/espacebeautelasarraz.ch\/wp-content\/uploads\/2020\/05\/chene-28-1140x1520.jpg 1140w, https:\/\/espacebeautelasarraz.ch\/wp-content\/uploads\/2020\/05\/chene-28.jpg 1200w\" sizes=\"(max-width: 768px) 100vw, 768px\" \/><\/figure><div class=\"wp-block-media-text__content\">\n<p><strong>Espace Beaut\u00e9<br>Rue du Ch\u00eane 28<br>1315 La Sarraz<br>079 224 84 81<\/strong><\/p>\n\n\n\n<p>Places visiteurs derri\u00e8re le b\u00e2timent.<br>L&rsquo;institut se trouve au 1er \u00e9tage \u00e0 droite.<\/p>\n<\/div><\/div>\n","protected":false},"excerpt":{"rendered":"<p>Espace Beaut\u00e9Rue du Ch\u00eane 281315 La Sarraz079 224 84 81 Places visiteurs derri\u00e8re le b\u00e2timent.L&rsquo;institut se trouve au 1er \u00e9tage \u00e0 droite.<\/p>\n","protected":false},"author":1,"featured_media":0,"parent":0,"menu_order":0,"comment_status":"closed","ping_status":"closed","template":"","meta":{"pgc_meta":"","footnotes":""},"class_list":["post-94","page","type-page","status-publish","hentry"],"pgc_meta":"","_links":{"self":[{"href":"https:\/\/espacebeautelasarraz.ch\/index.php?rest_route=\/wp\/v2\/pages\/94"}],"collection":[{"href":"https:\/\/espacebeautelasarraz.ch\/index.php?rest_route=\/wp\/v2\/pages"}],"about":[{"href":"https:\/\/espacebeautelasarraz.ch\/index.php?rest_route=\/wp\/v2\/types\/page"}],"author":[{"embeddable":true,"href":"https:\/\/espacebeautelasarraz.ch\/index.php?rest_route=\/wp\/v2\/users\/1"}],"replies":[{"embeddable":true,"href":"https:\/\/espacebeautelasarraz.ch\/index.php?rest_route=%2Fwp%2Fv2%2Fcomments&post=94"}],"version-history":[{"count":8,"href":"https:\/\/espacebeautelasarraz.ch\/index.php?rest_route=\/wp\/v2\/pages\/94\/revisions"}],"predecessor-version":[{"id":122,"href":"https:\/\/espacebeautelasarraz.ch\/index.php?rest_route=\/wp\/v2\/pages\/94\/revisions\/122"}],"wp:attachment":[{"href":"https:\/\/espacebeautelasarraz.ch\/index.php?rest_route=%2Fwp%2Fv2%2Fmedia&parent=94"}],"curies":[{"name":"wp","href":"https:\/\/api.w.org\/{rel}","templated":true}]}}

<div class="wp-block-media-text alignwide is-stacked-on-mobile is-vertically-aligned-top is-image-fill" style="grid-template-columns:37% auto"><figure class="wp-block-media-text__media" style="background-image:url(http://espacebeautelasarraz.ch/wp-content/uploads/2020/05/chene-28-768x1024.jpg);background-position:50% 50%"><img loading="lazy" decoding="async" width="768" height="1024" src="http://espacebeautelasarraz.ch/wp-content/uploads/2020/05/chene-28-768x1024.jpg" alt="" class="wp-image-115" srcset="https://espacebeautelasarraz.ch/wp-content/uploads/2020/05/chene-28-768x1024.jpg 768w, https://espacebeautelasarraz.ch/wp-content/uploads/2020/05/chene-28-225x300.jpg 225w, https://espacebeautelasarraz.ch/wp-content/uploads/2020/05/chene-28-1152x1536.jpg 1152w, https://espacebeautelasarraz.ch/wp-content/uploads/2020/05/chene-28-1140x1520.jpg 1140w, https://espacebeautelasarraz.ch/wp-content/uploads/2020/05/chene-28.jpg 1200w" sizes="(max-width: 768px) 100vw, 768px" /></figure><div class="wp-block-media-text__content">
<p><strong>Espace Beauté<br>Rue du Chêne 28<br>1315 La Sarraz<br>079 224 84 81</strong></p>



<p>Places visiteurs derrière le bâtiment.<br>L&rsquo;institut se trouve au 1er étage à droite.</p>
</div></div>

<p>Espace BeautéRue du Chêne 281315 La Sarraz079 224 84 81 Places visiteurs derrière le bâtiment.L&rsquo;institut se trouve au 1er étage à droite.</p>
